{"id":192,"date":"2018-09-12T15:14:44","date_gmt":"2018-09-12T15:14:44","guid":{"rendered":"http:\/\/localhost\/vivaldi\/?page_id=192"},"modified":"2025-09-04T18:22:04","modified_gmt":"2025-09-04T23:22:04","slug":"inicio","status":"publish","type":"page","link":"https:\/\/academiavivaldi.com\/vivaldi\/","title":{"rendered":"Qui\u00e9nes somos?"},"content":{"rendered":"\n<p><\/p>\n\n\n\n<figure class=\"wp-block-gallery aligncenter has-nested-images columns-default is-cropped wp-block-gallery-1 is-layout-flex wp-block-gallery-is-layout-flex\"><\/figure>\n\n\n\n<p><\/p>\n\n\n\n<p><\/p>\n\n\n\n<figure class=\"wp-block-gallery has-nested-images columns-default is-cropped wp-block-gallery-2 is-layout-flex wp-block-gallery-is-layout-flex\">\n<figure class=\"wp-block-image size-large\"><img loading=\"lazy\" decoding=\"async\" width=\"1024\" height=\"366\" data-id=\"3123\" src=\"http:\/\/academiavivaldi.com\/vivaldi\/wp-content\/uploads\/2020\/08\/cropped-manos-nino-pequeno-tocando-teclas-piano_145193-195-1-1024x366.jpg\" alt=\"\" class=\"wp-image-3123\" srcset=\"https:\/\/academiavivaldi.com\/vivaldi\/wp-content\/uploads\/2020\/08\/cropped-manos-nino-pequeno-tocando-teclas-piano_145193-195-1-1024x366.jpg 1024w, https:\/\/academiavivaldi.com\/vivaldi\/wp-content\/uploads\/2020\/08\/cropped-manos-nino-pequeno-tocando-teclas-piano_145193-195-1-300x107.jpg 300w, https:\/\/academiavivaldi.com\/vivaldi\/wp-content\/uploads\/2020\/08\/cropped-manos-nino-pequeno-tocando-teclas-piano_145193-195-1-768x274.jpg 768w, https:\/\/academiavivaldi.com\/vivaldi\/wp-content\/uploads\/2020\/08\/cropped-manos-nino-pequeno-tocando-teclas-piano_145193-195-1.jpg 1400w\" sizes=\"(max-width: 1024px) 100vw, 1024px\" \/><\/figure>\n<\/figure>\n\n\n\n<p style=\"font-size:15px\"><span><span style=\"background-color:rgba(0, 0, 0, 0)\" class=\"has-inline-color has-brown-color\"><b>La&nbsp;Academia de M\u00fasica Vivaldi, se encuentra operando en la ciudad de Quito &#8211; Ecuador, desde hace  23 a\u00f1os. <\/b><\/span><\/span><\/p>\n\n\n\n<p style=\"font-size:15px\"><strong><span class=\"has-inline-color has-brown-color\">Somos una&nbsp;alternativa de excelencia para el estudio extracurricular y vocacional de la M\u00fasica.  <\/span><\/strong><\/p>\n\n\n\n<p class=\"has-text-align-left\" style=\"font-size:15px\"><strong><span class=\"has-inline-color has-brown-color\">Nuestra misi\u00f3n es ofrecer a los ni\u00f1os, adolescentes, j\u00f3venes, adultos y adultos mayores de nuestra comunidad los mejores cursos vocacionales de M\u00fasica. <\/span><\/strong><\/p>\n\n\n\n<p style=\"font-size:15px\"><strong><span style=\"background-color:rgba(0, 0, 0, 0)\" class=\"has-inline-color has-brown-color\">Somos un equipo de Maestros con a\u00f1os de experiencia en la docencia musical, instrumentistas profesionales y Licenciados en Pedagog\u00eda Musical. <\/span><\/strong><\/p>\n\n\n\n<p style=\"font-size:15px\"><strong><span style=\"background-color:rgba(0, 0, 0, 0)\" class=\"has-inline-color has-brown-color\">Contamos con una moderna infraestructura, especialmente dise\u00f1ada para ofrecer a nuestros estudiantes un c\u00e1lido ambiente musical, salones independientes para cada \u00e1rea de estudio, equipados con instrumentos profesionales para su uso en la academia.  <\/span><\/strong><\/p>\n\n\n\n<p style=\"font-size:15px\"><span style=\"background-color:rgba(0, 0, 0, 0)\" class=\"has-inline-color has-brown-color\"><strong>Trabajamos con metodolog\u00edas\u00a0que aseguran un aprendizaje acad\u00e9mico, divertido y apasionante, con\u00a0resultados evidentes clase a clase. <\/strong><\/span><\/p>\n\n\n\n<p><span style=\"background-color:rgba(0, 0, 0, 0)\" class=\"has-inline-color has-brown-color\"><strong>Cont\u00e1ctenos para ofrecerle toda la informaci\u00f3n sobre costos y horarios disponibles.<\/strong><\/span><\/p>\n","protected":false},"excerpt":{"rendered":"<p>La&nbsp;Academia de M\u00fasica Vivaldi, se encuentra operando en la ciudad [&hellip;]<\/p>\n","protected":false},"author":1,"featured_media":0,"parent":0,"menu_order":0,"comment_status":"closed","ping_status":"closed","template":"","meta":{"footnotes":""},"_links":{"self":[{"href":"https:\/\/academiavivaldi.com\/vivaldi\/wp-json\/wp\/v2\/pages\/192"}],"collection":[{"href":"https:\/\/academiavivaldi.com\/vivaldi\/wp-json\/wp\/v2\/pages"}],"about":[{"href":"https:\/\/academiavivaldi.com\/vivaldi\/wp-json\/wp\/v2\/types\/page"}],"author":[{"embeddable":true,"href":"https:\/\/academiavivaldi.com\/vivaldi\/wp-json\/wp\/v2\/users\/1"}],"replies":[{"embeddable":true,"href":"https:\/\/academiavivaldi.com\/vivaldi\/wp-json\/wp\/v2\/comments?post=192"}],"version-history":[{"count":617,"href":"https:\/\/academiavivaldi.com\/vivaldi\/wp-json\/wp\/v2\/pages\/192\/revisions"}],"predecessor-version":[{"id":4466,"href":"https:\/\/academiavivaldi.com\/vivaldi\/wp-json\/wp\/v2\/pages\/192\/revisions\/4466"}],"wp:attachment":[{"href":"https:\/\/academiavivaldi.com\/vivaldi\/wp-json\/wp\/v2\/media?parent=192"}],"curies":[{"name":"wp","href":"https:\/\/api.w.org\/{rel}","templated":true}]}}

Quiénes somos?

<p></p>



<figure class="wp-block-gallery aligncenter has-nested-images columns-default is-cropped wp-block-gallery-1 is-layout-flex wp-block-gallery-is-layout-flex"></figure>



<p></p>



<p></p>



<figure class="wp-block-gallery has-nested-images columns-default is-cropped wp-block-gallery-2 is-layout-flex wp-block-gallery-is-layout-flex">
<figure class="wp-block-image size-large"><img loading="lazy" decoding="async" width="1024" height="366" data-id="3123" src="http://academiavivaldi.com/vivaldi/wp-content/uploads/2020/08/cropped-manos-nino-pequeno-tocando-teclas-piano_145193-195-1-1024x366.jpg" alt="" class="wp-image-3123" srcset="https://academiavivaldi.com/vivaldi/wp-content/uploads/2020/08/cropped-manos-nino-pequeno-tocando-teclas-piano_145193-195-1-1024x366.jpg 1024w, https://academiavivaldi.com/vivaldi/wp-content/uploads/2020/08/cropped-manos-nino-pequeno-tocando-teclas-piano_145193-195-1-300x107.jpg 300w, https://academiavivaldi.com/vivaldi/wp-content/uploads/2020/08/cropped-manos-nino-pequeno-tocando-teclas-piano_145193-195-1-768x274.jpg 768w, https://academiavivaldi.com/vivaldi/wp-content/uploads/2020/08/cropped-manos-nino-pequeno-tocando-teclas-piano_145193-195-1.jpg 1400w" sizes="(max-width: 1024px) 100vw, 1024px" /></figure>
</figure>



<p style="font-size:15px"><span><span style="background-color:rgba(0, 0, 0, 0)" class="has-inline-color has-brown-color"><b>La&nbsp;Academia de Música Vivaldi, se encuentra operando en la ciudad de Quito &#8211; Ecuador, desde hace  23 años. </b></span></span></p>



<p style="font-size:15px"><strong><span class="has-inline-color has-brown-color">Somos una&nbsp;alternativa de excelencia para el estudio extracurricular y vocacional de la Música.  </span></strong></p>



<p class="has-text-align-left" style="font-size:15px"><strong><span class="has-inline-color has-brown-color">Nuestra misión es ofrecer a los niños, adolescentes, jóvenes, adultos y adultos mayores de nuestra comunidad los mejores cursos vocacionales de Música. </span></strong></p>



<p style="font-size:15px"><strong><span style="background-color:rgba(0, 0, 0, 0)" class="has-inline-color has-brown-color">Somos un equipo de Maestros con años de experiencia en la docencia musical, instrumentistas profesionales y Licenciados en Pedagogía Musical. </span></strong></p>



<p style="font-size:15px"><strong><span style="background-color:rgba(0, 0, 0, 0)" class="has-inline-color has-brown-color">Contamos con una moderna infraestructura, especialmente diseñada para ofrecer a nuestros estudiantes un cálido ambiente musical, salones independientes para cada área de estudio, equipados con instrumentos profesionales para su uso en la academia.  </span></strong></p>



<p style="font-size:15px"><span style="background-color:rgba(0, 0, 0, 0)" class="has-inline-color has-brown-color"><strong>Trabajamos con metodologías que aseguran un aprendizaje académico, divertido y apasionante, con resultados evidentes clase a clase. </strong></span></p>



<p><span style="background-color:rgba(0, 0, 0, 0)" class="has-inline-color has-brown-color"><strong>Contáctenos para ofrecerle toda la información sobre costos y horarios disponibles.</strong></span></p>

<p>La&nbsp;Academia de Música Vivaldi, se encuentra operando en la ciudad [&hellip;]</p>
